{"id":19,"date":"2020-11-22T20:26:23","date_gmt":"2020-11-22T19:26:23","guid":{"rendered":"http:\/\/psy-kasta.fr\/?page_id=19"},"modified":"2020-11-22T20:27:47","modified_gmt":"2020-11-22T19:27:47","slug":"therapie-de-soutien","status":"publish","type":"page","link":"http:\/\/psy-kasta.fr\/index.php\/psychotherapie\/therapie-de-soutien\/","title":{"rendered":"Th\u00e9rapie de soutien"},"content":{"rendered":"\n<p>Le soutien psychologique est une <strong>\u00e9coute ponctuelle<\/strong> lorsque vous \u00eates confront\u00e9s \u00e0 <strong>une crise<\/strong>, \u00e0 un moment de votre vie, comme&nbsp;:<\/p>\n\n\n\n<div class=\"wp-block-group\"><div class=\"wp-block-group__inner-container is-layout-flow wp-block-group-is-layout-flow\">\n<ul class=\"wp-block-list\"><li>une s\u00e9paration<\/li><li>un deuil<\/li><li>une d\u00e9cision, un choix \u00e0 faire<\/li><li>un probl\u00e8me relationnel ou personnel<\/li><li>un changement professionnel ou familial<\/li><li>un mal \u00eatre diffus accompagn\u00e9 ou non d\u2019anxi\u00e9t\u00e9 ou d\u2019angoisse<\/li><li>un besoin de prendre du recul sur sa vie\u2026<\/li><\/ul>\n<\/div><\/div>\n\n\n\n<p>Face \u00e0 cette situation, vous pouvez \u00e9prouver le <strong>besoin d\u2019en parler<\/strong>, <strong>de faire le poin<\/strong>t et <strong>d\u2019\u00eatre aid\u00e9<\/strong> ponctuellement. Mon \u00e9coute attentive permet d\u2019explorer vos \u00e9motions, vos pr\u00e9occupations et vos interrogations de l\u2019instant pour <strong>donner du sens aux \u00e9v\u00e8nements<\/strong> auxquels vous vous confrontez.<\/p>\n\n\n\n<p>Le but de la th\u00e9rapie est de retrouver <strong>une harmonie et un \u00e9quilibre<\/strong> afin de faire face aux moments de crise.<\/p>\n","protected":false},"excerpt":{"rendered":"<p>Le soutien psychologique est une \u00e9coute ponctuelle lorsque vous \u00eates confront\u00e9s \u00e0 une crise, \u00e0 un moment de votre vie, comme&nbsp;: une s\u00e9paration un deuil une d\u00e9cision, un choix \u00e0 faire un probl\u00e8me relationnel ou personnel un changement professionnel ou familial un mal \u00eatre diffus accompagn\u00e9 ou non d\u2019anxi\u00e9t\u00e9 ou d\u2019angoisse un besoin de prendre &hellip; <\/p>\n","protected":false},"author":1,"featured_media":0,"parent":16,"menu_order":0,"comment_status":"closed","ping_status":"closed","template":"","meta":{"footnotes":""},"class_list":["post-19","page","type-page","status-publish","hentry"],"_links":{"self":[{"href":"http:\/\/psy-kasta.fr\/index.php\/wp-json\/wp\/v2\/pages\/19","targetHints":{"allow":["GET"]}}],"collection":[{"href":"http:\/\/psy-kasta.fr\/index.php\/wp-json\/wp\/v2\/pages"}],"about":[{"href":"http:\/\/psy-kasta.fr\/index.php\/wp-json\/wp\/v2\/types\/page"}],"author":[{"embeddable":true,"href":"http:\/\/psy-kasta.fr\/index.php\/wp-json\/wp\/v2\/users\/1"}],"replies":[{"embeddable":true,"href":"http:\/\/psy-kasta.fr\/index.php\/wp-json\/wp\/v2\/comments?post=19"}],"version-history":[{"count":3,"href":"http:\/\/psy-kasta.fr\/index.php\/wp-json\/wp\/v2\/pages\/19\/revisions"}],"predecessor-version":[{"id":22,"href":"http:\/\/psy-kasta.fr\/index.php\/wp-json\/wp\/v2\/pages\/19\/revisions\/22"}],"up":[{"embeddable":true,"href":"http:\/\/psy-kasta.fr\/index.php\/wp-json\/wp\/v2\/pages\/16"}],"wp:attachment":[{"href":"http:\/\/psy-kasta.fr\/index.php\/wp-json\/wp\/v2\/media?parent=19"}],"curies":[{"name":"wp","href":"https:\/\/api.w.org\/{rel}","templated":true}]}}