{"id":23,"date":"2020-11-22T20:29:38","date_gmt":"2020-11-22T19:29:38","guid":{"rendered":"http:\/\/psy-kasta.fr\/?page_id=23"},"modified":"2020-11-22T20:31:19","modified_gmt":"2020-11-22T19:31:19","slug":"psychotherapie-analytique","status":"publish","type":"page","link":"http:\/\/psy-kasta.fr\/index.php\/psychotherapie\/psychotherapie-analytique\/","title":{"rendered":"Psychoth\u00e9rapie analytique"},"content":{"rendered":"\n<p>La <strong>th\u00e9rapie analytique<\/strong> est un travail sur soi, une m\u00e9thode d\u2019appr\u00e9hension de certaines souffrances et de compr\u00e9hension de ses comportements, ses r\u00e9sistances et ses d\u00e9sirs. Elle est un <strong>travail en profondeur<\/strong> <strong>sur les blocages et les angoisses<\/strong> \u00e9manant notamment de l\u2019enfance. L\u2019analyse permet d\u2019acc\u00e9der aux sources des sympt\u00f4mes et \u00e0 son inconscient avec des s\u00e9ances r\u00e9guli\u00e8res.<\/p>\n\n\n\n<p>S\u2019engager dans une th\u00e9rapie analytique c\u2019est, avant tout, se d\u00e9cider \u00e0 affronter ses difficult\u00e9s personnelles et s\u2019engager dans un processus de changement pour les r\u00e9soudre. L\u2019objet est d\u2019aller \u00e0 la source du conflit par un dialogue en face \u00e0 face, tout en vous aidant \u00e0 apprivoiser les souffrances dont vous \u00eates l\u2019objet dans la vie quotidienne.<\/p>\n\n\n\n<p>La th\u00e9rapie vise \u00e0 r\u00e9soudre des troubles, \u00e0 rendre accessible la prise de conscience de m\u00e9canismes refoul\u00e9s afin de r\u00e9duire les maux ou d\u2019apporter un changement dans les habitudes comportementales.<\/p>\n\n\n\n<p>Elle est une m\u00e9thode utilis\u00e9e dans les situations :<\/p>\n\n\n\n<div class=\"wp-block-group\"><div class=\"wp-block-group__inner-container is-layout-flow wp-block-group-is-layout-flow\">\n<ul class=\"wp-block-list\"><li>d\u2019anxi\u00e9t\u00e9 ou d\u2019angoisse<\/li><li>de m\u00e9sestime de soi ou de perte de confiance<\/li><li>de d\u00e9pression, de burn out, de s\u00e9paration,<\/li><li>de deuils difficiles,<\/li><li>de phobie ou de trouble obsessionnel,<\/li><li>de troubles alimentaires ou d\u2019addiction,<\/li><li>de traumatisme\u2026<\/li><\/ul>\n<\/div><\/div>\n\n\n\n<p><em>\u00ab&nbsp;Soyez ce que vous avez toujours \u00e9t\u00e9&nbsp;\u00bb CG JUNG<\/em><\/p>\n","protected":false},"excerpt":{"rendered":"<p>La th\u00e9rapie analytique est un travail sur soi, une m\u00e9thode d\u2019appr\u00e9hension de certaines souffrances et de compr\u00e9hension de ses comportements, ses r\u00e9sistances et ses d\u00e9sirs. Elle est un travail en profondeur sur les blocages et les angoisses \u00e9manant notamment de l\u2019enfance. L\u2019analyse permet d\u2019acc\u00e9der aux sources des sympt\u00f4mes et \u00e0 son inconscient avec des s\u00e9ances &hellip; <\/p>\n","protected":false},"author":1,"featured_media":0,"parent":16,"menu_order":1,"comment_status":"closed","ping_status":"closed","template":"","meta":{"footnotes":""},"class_list":["post-23","page","type-page","status-publish","hentry"],"_links":{"self":[{"href":"http:\/\/psy-kasta.fr\/index.php\/wp-json\/wp\/v2\/pages\/23","targetHints":{"allow":["GET"]}}],"collection":[{"href":"http:\/\/psy-kasta.fr\/index.php\/wp-json\/wp\/v2\/pages"}],"about":[{"href":"http:\/\/psy-kasta.fr\/index.php\/wp-json\/wp\/v2\/types\/page"}],"author":[{"embeddable":true,"href":"http:\/\/psy-kasta.fr\/index.php\/wp-json\/wp\/v2\/users\/1"}],"replies":[{"embeddable":true,"href":"http:\/\/psy-kasta.fr\/index.php\/wp-json\/wp\/v2\/comments?post=23"}],"version-history":[{"count":2,"href":"http:\/\/psy-kasta.fr\/index.php\/wp-json\/wp\/v2\/pages\/23\/revisions"}],"predecessor-version":[{"id":26,"href":"http:\/\/psy-kasta.fr\/index.php\/wp-json\/wp\/v2\/pages\/23\/revisions\/26"}],"up":[{"embeddable":true,"href":"http:\/\/psy-kasta.fr\/index.php\/wp-json\/wp\/v2\/pages\/16"}],"wp:attachment":[{"href":"http:\/\/psy-kasta.fr\/index.php\/wp-json\/wp\/v2\/media?parent=23"}],"curies":[{"name":"wp","href":"https:\/\/api.w.org\/{rel}","templated":true}]}}