{"id":27,"date":"2020-11-22T20:34:08","date_gmt":"2020-11-22T19:34:08","guid":{"rendered":"http:\/\/psy-kasta.fr\/?page_id=27"},"modified":"2020-11-22T20:34:08","modified_gmt":"2020-11-22T19:34:08","slug":"art-therapie","status":"publish","type":"page","link":"http:\/\/psy-kasta.fr\/index.php\/art-therapie\/","title":{"rendered":"Art Th\u00e9rapie"},"content":{"rendered":"\n<p>L\u2019Art th\u00e9rapie est une pratique de soin fond\u00e9e sur l\u2019utilisation th\u00e9rapeutique du <strong>processus cr\u00e9atif<\/strong>. Elle offre un espace pour se retrouver, prendre le temps de se (re)d\u00e9couvrir et devenir acteur de son propre d\u00e9sir.<\/p>\n\n\n\n<p>L\u2019Art th\u00e9rapie concerne toutes les personnes qui souhaitent effectuer une <strong>d\u00e9marche d\u2019introspection<\/strong>. Elle invite \u00e0 <strong>r\u00eaver, imaginer, \u00e9voquer et colorer<\/strong> sa vie au travers du dessin, de la peinture, du modelage ou de l\u2019\u00e9criture.<\/p>\n\n\n\n<p>Les s\u00e9ances en art-th\u00e9rapie permettent d\u2019aborder des situations vari\u00e9es :<\/p>\n\n\n\n<div class=\"wp-block-group\"><div class=\"wp-block-group__inner-container is-layout-flow wp-block-group-is-layout-flow\">\n<ul class=\"wp-block-list\"><li>Les difficult\u00e9s \u00e0 communiquer ou \u00e0 verbaliser<\/li><li>Un bouleversement personnel, familial, professionnel.<\/li><li>Les troubles des apprentissages.<\/li><li>Les souffrances li\u00e9es aux \u00e9tapes de la vie<\/li><li>Les situations traumatiques\u2026<\/li><\/ul>\n<\/div><\/div>\n\n\n\n<p>L\u2019Art th\u00e9rapie favorise&nbsp;:<\/p>\n\n\n\n<div class=\"wp-block-group\"><div class=\"wp-block-group__inner-container is-layout-flow wp-block-group-is-layout-flow\">\n<ul class=\"wp-block-list\"><li>l\u2019expression des \u00e9motions, leur lib\u00e9ration et leur mise \u00e0 distance,<\/li><li>la renaissance de la confiance par le plaisir,<\/li><li>l\u2019apaisement d\u2019un deuil,<\/li><li>la stimulation de la pens\u00e9e,<\/li><li>la connaissance et l\u2019\u00e9panouissement de soi,<\/li><li>le d\u00e9veloppement d\u2019aptitudes cr\u00e9atives souvent insoup\u00e7onn\u00e9es<\/li><\/ul>\n<\/div><\/div>\n","protected":false},"excerpt":{"rendered":"<p>L\u2019Art th\u00e9rapie est une pratique de soin fond\u00e9e sur l\u2019utilisation th\u00e9rapeutique du processus cr\u00e9atif. Elle offre un espace pour se retrouver, prendre le temps de se (re)d\u00e9couvrir et devenir acteur de son propre d\u00e9sir. L\u2019Art th\u00e9rapie concerne toutes les personnes qui souhaitent effectuer une d\u00e9marche d\u2019introspection. Elle invite \u00e0 r\u00eaver, imaginer, \u00e9voquer et colorer sa &hellip; <\/p>\n","protected":false},"author":1,"featured_media":0,"parent":0,"menu_order":0,"comment_status":"closed","ping_status":"closed","template":"","meta":{"footnotes":""},"class_list":["post-27","page","type-page","status-publish","hentry"],"_links":{"self":[{"href":"http:\/\/psy-kasta.fr\/index.php\/wp-json\/wp\/v2\/pages\/27","targetHints":{"allow":["GET"]}}],"collection":[{"href":"http:\/\/psy-kasta.fr\/index.php\/wp-json\/wp\/v2\/pages"}],"about":[{"href":"http:\/\/psy-kasta.fr\/index.php\/wp-json\/wp\/v2\/types\/page"}],"author":[{"embeddable":true,"href":"http:\/\/psy-kasta.fr\/index.php\/wp-json\/wp\/v2\/users\/1"}],"replies":[{"embeddable":true,"href":"http:\/\/psy-kasta.fr\/index.php\/wp-json\/wp\/v2\/comments?post=27"}],"version-history":[{"count":1,"href":"http:\/\/psy-kasta.fr\/index.php\/wp-json\/wp\/v2\/pages\/27\/revisions"}],"predecessor-version":[{"id":28,"href":"http:\/\/psy-kasta.fr\/index.php\/wp-json\/wp\/v2\/pages\/27\/revisions\/28"}],"wp:attachment":[{"href":"http:\/\/psy-kasta.fr\/index.php\/wp-json\/wp\/v2\/media?parent=27"}],"curies":[{"name":"wp","href":"https:\/\/api.w.org\/{rel}","templated":true}]}}